{"id":83,"date":"2017-07-10T18:44:00","date_gmt":"2017-07-10T16:44:00","guid":{"rendered":"https:\/\/gaestehausfiedler.wordpress.com\/?page_id=83"},"modified":"2026-03-31T11:43:35","modified_gmt":"2026-03-31T10:43:35","slug":"gaestezimmer","status":"publish","type":"page","link":"https:\/\/gh-fiedler.moerbisch.net\/?page_id=83","title":{"rendered":"G\u00e4stezimmer"},"content":{"rendered":"<div class=\"wp-block-image\">\n<figure class=\"alignright size-medium\"><img loading=\"lazy\" decoding=\"async\" width=\"300\" height=\"169\" src=\"https:\/\/gh-fiedler.moerbisch.net\/wp-content\/uploads\/2019\/03\/zimmer-300x169.jpg\" alt=\"\" class=\"wp-image-316\" srcset=\"https:\/\/gh-fiedler.moerbisch.net\/wp-content\/uploads\/2019\/03\/zimmer-300x169.jpg 300w, https:\/\/gh-fiedler.moerbisch.net\/wp-content\/uploads\/2019\/03\/zimmer-768x432.jpg 768w, https:\/\/gh-fiedler.moerbisch.net\/wp-content\/uploads\/2019\/03\/zimmer-192x108.jpg 192w, https:\/\/gh-fiedler.moerbisch.net\/wp-content\/uploads\/2019\/03\/zimmer.jpg 800w\" sizes=\"auto, (max-width: 300px) 100vw, 300px\" \/><\/figure>\n<\/div>\n\n\n<p>Unsere gem\u00fctlich eingerichteten Nichtraucher-Zimmer sind mit Dusche und WC, einer kleine Sitzecke, Kabelfernsehen und W-LAN ausgestattet. Dar\u00fcber hinaus bieten einige Zimmer direkten Zugang zum G\u00e4stebalkon.<\/p>\n\n\n\n<p>In den Zweibettzimmern stellen wir bei Bedarf gerne ein Zustellbett zur Verf\u00fcgung, das&nbsp;Familienzimmer eignet sich besonders f\u00fcr Familien mit zwei Kindern.<\/p>\n\n\n\n<p>Unsere Preise verstehen sich jeweils pro Person und Nacht, Fr\u00fchst\u00fcck am reichhaltigen Buffet ist im Preis inbegriffen.<\/p>\n\n\n\n<p><\/p>\n\n\n\n<figure class=\"wp-block-table is-style-stripes\"><table><thead><tr><th><\/th><th class=\"has-text-align-left\" data-align=\"left\">ab 2 \u00dcbernachtungen<\/th><th>Ortstaxe \/ Tag<\/th><\/tr><\/thead><tbody><tr><td>Zweibettzimmer<\/td><td class=\"has-text-align-left\" data-align=\"left\">EUR 48,&#8211;<\/td><td>EUR 4,50<\/td><\/tr><tr><td>Dreibettzimmer<\/td><td class=\"has-text-align-left\" data-align=\"left\">EUR 48,&#8211;<\/td><td>EUR 4,50<\/td><\/tr><tr><td>Familienzimmer<\/td><td class=\"has-text-align-left\" data-align=\"left\">EUR 48,&#8211;<\/td><td>EUR 4,50<\/td><\/tr><\/tbody><\/table><\/figure>\n\n\n\n<p><a href=\"https:\/\/gh-fiedler.moerbisch.net\/?page_id=683\" data-type=\"page\" data-id=\"683\">Zur Buchungsanfrage<\/a><\/p>\n\n\n\n<p><\/p>\n","protected":false},"excerpt":{"rendered":"<p>Unsere gem\u00fctlich eingerichteten Nichtraucher-Zimmer sind mit Dusche und WC, einer kleine Sitzecke, Kabelfernsehen und W-LAN ausgestattet. Dar\u00fcber hinaus bieten einige Zimmer direkten Zugang zum G\u00e4stebalkon. In den Zweibettzimmern stellen wir bei Bedarf gerne ein Zustellbett zur Verf\u00fcgung, das&nbsp;Familienzimmer eignet sich besonders f\u00fcr Familien mit zwei Kindern. Unsere Preise verstehen sich <span class=\"excerpt-dots\">&hellip;<\/span> <a class=\"more-link\" href=\"https:\/\/gh-fiedler.moerbisch.net\/?page_id=83\"><span class=\"more-msg\">Weiterlesen &rarr;<\/span><\/a><\/p>\n","protected":false},"author":3,"featured_media":0,"parent":8,"menu_order":1,"comment_status":"closed","ping_status":"closed","template":"","meta":{"footnotes":""},"class_list":["post-83","page","type-page","status-publish","hentry"],"_links":{"self":[{"href":"https:\/\/gh-fiedler.moerbisch.net\/index.php?rest_route=\/wp\/v2\/pages\/83","targetHints":{"allow":["GET"]}}],"collection":[{"href":"https:\/\/gh-fiedler.moerbisch.net\/index.php?rest_route=\/wp\/v2\/pages"}],"about":[{"href":"https:\/\/gh-fiedler.moerbisch.net\/index.php?rest_route=\/wp\/v2\/types\/page"}],"author":[{"embeddable":true,"href":"https:\/\/gh-fiedler.moerbisch.net\/index.php?rest_route=\/wp\/v2\/users\/3"}],"replies":[{"embeddable":true,"href":"https:\/\/gh-fiedler.moerbisch.net\/index.php?rest_route=%2Fwp%2Fv2%2Fcomments&post=83"}],"version-history":[{"count":11,"href":"https:\/\/gh-fiedler.moerbisch.net\/index.php?rest_route=\/wp\/v2\/pages\/83\/revisions"}],"predecessor-version":[{"id":2139,"href":"https:\/\/gh-fiedler.moerbisch.net\/index.php?rest_route=\/wp\/v2\/pages\/83\/revisions\/2139"}],"up":[{"embeddable":true,"href":"https:\/\/gh-fiedler.moerbisch.net\/index.php?rest_route=\/wp\/v2\/pages\/8"}],"wp:attachment":[{"href":"https:\/\/gh-fiedler.moerbisch.net\/index.php?rest_route=%2Fwp%2Fv2%2Fmedia&parent=83"}],"curies":[{"name":"wp","href":"https:\/\/api.w.org\/{rel}","templated":true}]}}