{"id":683,"date":"2020-07-12T06:33:25","date_gmt":"2020-07-12T05:33:25","guid":{"rendered":"http:\/\/gh-fiedler.moerbisch.net\/?page_id=683"},"modified":"2024-06-12T09:25:33","modified_gmt":"2024-06-12T08:25:33","slug":"buchungsformular","status":"publish","type":"page","link":"https:\/\/gh-fiedler.moerbisch.net\/?page_id=683","title":{"rendered":"Buchungsanfrage"},"content":{"rendered":"\n<p><br><em><em>Der nachfolgend ausgewiesene Gesamtpreis gilt\u00a0<strong>pro Person<\/strong>\u00a0f\u00fcr die Dauer des Aufenthalts im G\u00e4stehaus Fiedler inklusive Fr\u00fchst\u00fcck und kostenloser Zusatzleistungen. Bitte tragen Sie bei Ihrer Buchungsanfrage die Anzahl der Kinder unter 12 Jahren im Feld \u201eNachricht\u201c ein.<\/em><\/em><\/p>\n\n\n\n<div class=\"wp-block-abc-shortcodes-booking-form\">\n\t<!-- Advanced Booking Calendar Booking Form - https:\/\/booking-calendar-plugin.com -->\n\t\n\t<div id=\"abc-form-wrapper\">\n\t\t<img decoding=\"async\" alt=\"Wird geladen...\" src=\"https:\/\/gh-fiedler.moerbisch.net\/wp-admin\/images\/wpspin_light.gif\" align=\"middle\" class=\"waiting\" id=\"abc_bookinform_loading\" style=\"display:none\" \/>\t\t\t\t\n\t\t<div id=\"abc-form-content\">\n\t\t\t<div class=\"abc-column\">\n\t\t\t\t<form class=\"abc-form\"  method=\"post\">\n\t\t\t\t\t<label for=\"abc-from\">Anreise<\/label>\n\t\t\t\t\t<div class=\"abc-input-fa\">\n\t\t\t\t\t\t<span class=\"fa fa-calendar\"><\/span>\n\t\t\t\t\t\t<input id=\"abc-from\" name=\"abc-from\" readonly=\"true\" class=\"abc-from\" value=\"\">\n\t\t\t\t\t<\/div>\n\t\t\t\t\t<label for=\"abc-to\">Abreise<\/label>\n\t\t\t\t\t<div class=\"abc-input-fa\">\n\t\t\t\t\t\t<span class=\"fa fa-calendar\"><\/span>\n\t\t\t\t\t\t<input id=\"abc-to\" name=\"abc-to\" readonly=\"true\" class=\"abc-to\" value=\"\">\n\t\t\t\t\t<\/div>\n\t\t\t<\/div>\t\t\t\n\t\t\t<div class=\"abc-column abc-form\">\t\n\t\t\t\t\t<label for=\"abc-persons\">Personen<\/label>\n\t\t\t\t\t<div class=\"abc-input-fa\">\n\t\t\t\t\t\t<span class=\"fa fa-female abc-guest1\"><\/span>\n\t\t\t\t\t\t<span class=\"fa fa-male abc-guest2\"><\/span>\n\t\t\t\t\t\t<select id=\"abc-persons\" name=\"abc-persons\">\n\t\t\t\t\t\t\t<option value=\"1\" selected>1<\/option><option value=\"2\">2<\/option><option value=\"3\">3<\/option><option value=\"4\">4<\/option>\n\t\t\t\t\t\t<\/select>\n\t\t\t\t\t<\/div>\n\t\t\t\t\t<input id=\"abcPostTrigger\" type=\"hidden\" name=\"abcPostTrigger\" value=\"0\">\t\n\t\t\t\t\t<input id=\"abcPostCalendarId\" type=\"hidden\" name=\"abcPostCalendarId\" value=\"undefined\">\t\n\t\t\t\t<\/form>\t\n\t\t\t<\/div>\n\t\t\t<div class=\"abc-form-row\">\n\t\t\t\t<button class=\"abc-submit\" id=\"abc-check-availabilities\"><span id=\"abc-submit-button\" class=\"abc-submit-text\">Verf\u00fcgbarkeit<\/span><span class=\"abc-submit-loading\" >Wird geladen...<\/span><\/button>\n\t\t\t\t<button class=\"abc-submit\" id=\"abc-back-to-availabilities\" style=\"display: none;\"><span class=\"abc-submit-text\">Bearbeiten<\/span><\/button>\n\t\t\t<\/div>\t\n\t\t\t\n\t\t\t<div id=\"abc-bookingresults\"><\/div>\n\t\t<\/div><\/div><\/div>\n","protected":false},"excerpt":{"rendered":"<p>Der nachfolgend ausgewiesene Gesamtpreis gilt\u00a0pro Person\u00a0f\u00fcr die Dauer des Aufenthalts im G\u00e4stehaus Fiedler inklusive Fr\u00fchst\u00fcck und kostenloser Zusatzleistungen. Bitte tragen Sie bei Ihrer Buchungsanfrage die Anzahl der Kinder unter 12 Jahren im Feld \u201eNachricht\u201c ein.<\/p>\n <a class=\"more-link\" href=\"https:\/\/gh-fiedler.moerbisch.net\/?page_id=683\"><span class=\"more-msg\">Weiterlesen &rarr;<\/span><\/a>","protected":false},"author":3,"featured_media":0,"parent":0,"menu_order":0,"comment_status":"closed","ping_status":"closed","template":"","meta":{"footnotes":""},"class_list":["post-683","page","type-page","status-publish","hentry"],"_links":{"self":[{"href":"https:\/\/gh-fiedler.moerbisch.net\/index.php?rest_route=\/wp\/v2\/pages\/683","targetHints":{"allow":["GET"]}}],"collection":[{"href":"https:\/\/gh-fiedler.moerbisch.net\/index.php?rest_route=\/wp\/v2\/pages"}],"about":[{"href":"https:\/\/gh-fiedler.moerbisch.net\/index.php?rest_route=\/wp\/v2\/types\/page"}],"author":[{"embeddable":true,"href":"https:\/\/gh-fiedler.moerbisch.net\/index.php?rest_route=\/wp\/v2\/users\/3"}],"replies":[{"embeddable":true,"href":"https:\/\/gh-fiedler.moerbisch.net\/index.php?rest_route=%2Fwp%2Fv2%2Fcomments&post=683"}],"version-history":[{"count":16,"href":"https:\/\/gh-fiedler.moerbisch.net\/index.php?rest_route=\/wp\/v2\/pages\/683\/revisions"}],"predecessor-version":[{"id":1764,"href":"https:\/\/gh-fiedler.moerbisch.net\/index.php?rest_route=\/wp\/v2\/pages\/683\/revisions\/1764"}],"wp:attachment":[{"href":"https:\/\/gh-fiedler.moerbisch.net\/index.php?rest_route=%2Fwp%2Fv2%2Fmedia&parent=683"}],"curies":[{"name":"wp","href":"https:\/\/api.w.org\/{rel}","templated":true}]}}