{"id":169,"date":"2017-07-11T06:36:15","date_gmt":"2017-07-11T04:36:15","guid":{"rendered":"https:\/\/gaestehausfiedler.wordpress.com\/?page_id=169"},"modified":"2017-07-11T06:36:15","modified_gmt":"2017-07-11T04:36:15","slug":"moerbisch","status":"publish","type":"page","link":"https:\/\/gh-fiedler.moerbisch.net\/?page_id=169","title":{"rendered":"M\u00f6rbisch"},"content":{"rendered":"<p><img loading=\"lazy\" decoding=\"async\" class=\" size-thumbnail wp-image-175 alignleft\" src=\"https:\/\/gaestehausfiedler.files.wordpress.com\/2017\/07\/aut_mc3b6rbisch_am_see_coa.jpg?w=133\" alt=\"AUT_M\u00f6rbisch_am_See_COA\" width=\"133\" height=\"150\" \/><\/p>\n<p>M\u00f6rbisch liegt am s\u00fcdwestlichen Ufer des Neusiedler Sees, direkt an der Staatsgrenze zu Ungarn.\u00a0Das Stra\u00dfennetz endet an der Grenze zu Fert\u0151r\u00e1kos (Kroisbach); der Grenz\u00fcbergang ist\u00a0nur f\u00fcr Radfahrer und Fu\u00dfg\u00e4nger ge\u00f6ffnet.<\/p>\n<p>M\u00f6rbisch am See ist mit seiner Lage im Anbaugebiet Neusiedlersee-H\u00fcgelland ein traditioneller Weinbauort. 500 Hektar Rebfl\u00e4che werden von 100 Winzern bewirtschaftet; ausgeschenkt wird in den Heurigenschenken des Ortes.<\/p>\n<h3>Geschichte<\/h3>\n<p>Der Ortsname ist zum ersten Mal 1254 als <i>possessio Megyes<\/i> erw\u00e4hnt (w\u00f6rtlich: &#8222;der kirschenreiche Ort&#8220;, zu ungarisch <i>meggy<\/i> &#8222;Kirsche&#8220;) worden. Die ersten, ungarischsprachigen Bewohner benannten die Siedlung also entweder nach einem dort befindlichen, auff\u00e4lligen Kirschbaum oder nach den zahlreich dort wachsenden Kirschb\u00e4umen.<\/p>\n<p>M\u00f6rbisch am See war bereits 5000 v. Chr. besiedelt. Vor Christi Geburt war das Gebiet Teil des keltischen K\u00f6nigreiches Noricum.\u00a0Im Westen des Ortes, auf der Flur \u201eSalz\u00e4cker\u201c liegt die Fundstelle eines lat\u00e8nezeitlichen Gr\u00e4berfeldes. Bei landwirtschaftlichen Arbeiten wurden 1935 die ersten Funde gemacht und in das Landesmuseum Burgenland in Eisenstadt gebracht. Daraufhin erfolgte Grabungen brachten f\u00fcnf Gr\u00e4ber zutage, 1936 wurden weitere vier entdeckt.\u00a0<sup id=\"cite_ref-1\" class=\"reference\"><\/sup><\/p>\n<div id=\"attachment_180\" style=\"width: 310px\" class=\"wp-caption alignright\"><img loading=\"lazy\" decoding=\"async\" aria-describedby=\"caption-attachment-180\" class=\"alignnone size-medium wp-image-180\" src=\"https:\/\/gaestehausfiedler.files.wordpress.com\/2017\/07\/mithrasgrotte2-ac32976d.jpg?w=300\" alt=\"Mithrasgrotte2-ac32976d\" width=\"300\" height=\"225\" srcset=\"https:\/\/gh-fiedler.moerbisch.net\/wp-content\/uploads\/2017\/07\/mithrasgrotte2-ac32976d.jpg 400w, https:\/\/gh-fiedler.moerbisch.net\/wp-content\/uploads\/2017\/07\/mithrasgrotte2-ac32976d-300x225.jpg 300w\" sizes=\"auto, (max-width: 300px) 100vw, 300px\" \/><p id=\"caption-attachment-180\" class=\"wp-caption-text\">Mithrasgrotte an der Staatsgrenze<\/p><\/div>\n<p>Sp\u00e4ter unter den R\u00f6mern lag das heutige M\u00f6rbisch am See dann in der Provinz Pannonia. Unmittelbar s\u00fcdlich der Staats- und Gemeindegrenze bei M\u00f6rbisch am See ist ein Mithrasrelief aus der r\u00f6mischen Zeit Pannoniens zu sehen.<\/p>\n<p>Der Ort geh\u00f6rte wie das gesamte Burgenland bis 1921 zu Ungarn, konkret zum Komitat Sopron (\u00d6denburg). Nach Ende des Ersten Weltkriegs wurde nach z\u00e4hen Verhandlungen Deutsch-Westungarn in den Vertr\u00e4gen von St. Germain 1919 und Trianon 1920 \u00d6sterreich zugesprochen.<\/p>\n<div id=\"attachment_188\" style=\"width: 310px\" class=\"wp-caption alignleft\"><img loading=\"lazy\" decoding=\"async\" aria-describedby=\"caption-attachment-188\" class=\"alignnone size-medium wp-image-188\" src=\"https:\/\/gaestehausfiedler.files.wordpress.com\/2017\/07\/grenzoeffnung.jpg?w=300\" alt=\"grenzoeffnung\" width=\"300\" height=\"200\" srcset=\"https:\/\/gh-fiedler.moerbisch.net\/wp-content\/uploads\/2017\/07\/grenzoeffnung.jpg 567w, https:\/\/gh-fiedler.moerbisch.net\/wp-content\/uploads\/2017\/07\/grenzoeffnung-300x200.jpg 300w\" sizes=\"auto, (max-width: 300px) 100vw, 300px\" \/><p id=\"caption-attachment-188\" class=\"wp-caption-text\">Grenz\u00f6ffnung am 1. Mai 2004 &#8211; Ungarn in der EU<\/p><\/div>\n<p>Der Ort geh\u00f6rte seit 1921 zum neu gegr\u00fcndeten Bundesland Burgenland. Dennoch waren Wirtschaft und Kultur bis 1945 nach \u00d6denburg ausgerichtet.<\/p>\n<p>1945\u20131989 lag zwischen M\u00f6rbisch am See und \u00d6denburg der Eiserne Vorhang, seither ist die Grenze wieder offen. Ende 2007 wurden die Grenzkontrollen eingestellt (Schengenabkommen).<\/p>\n<p>&nbsp;<\/p>\n<h3>Bev\u00f6lkerung<\/h3>\n<p>In den Jahren 1680 und 1713 w\u00fctete in M\u00f6rbisch die Pest und raffte zwei Drittel der Bev\u00f6lkerung dahin. Im Jahr 1849 starb aufgrund einer Cholera-Epidemie die H\u00e4lfte der Einwohner. M\u00f6rbisch z\u00e4hlte bis Anfang des 19. Jahrhunderts nur mehr knapp 200 Einwohner. Die starke Zunahme der Bev\u00f6lkerung in der 2. H\u00e4lfte des 19. Jahrhunderts gibt einen Hinweis auf die g\u00fcnstige Auswirkung der erlangten wirtschaftlichen Unabh\u00e4ngigkeit der ungarischen Bauern.<\/p>\n<h3>Sehensw\u00fcrdigkeiten, Kultur und Sport<\/h3>\n<div id=\"attachment_153\" style=\"width: 310px\" class=\"wp-caption alignright\"><img loading=\"lazy\" decoding=\"async\" aria-describedby=\"caption-attachment-153\" class=\"alignnone size-medium wp-image-153\" src=\"https:\/\/gaestehausfiedler.files.wordpress.com\/2017\/07\/mc3b6rbisch_-_wohnhaus_hauptstrac39fe_63.jpg?w=300\" alt=\"Hauptstra\u00dfe, M\u00f6rbisch am See, Burgenland, \u00d6sterreich\" width=\"300\" height=\"200\" srcset=\"https:\/\/gh-fiedler.moerbisch.net\/wp-content\/uploads\/2017\/07\/mc3b6rbisch_-_wohnhaus_hauptstrac39fe_63.jpg 2756w, https:\/\/gh-fiedler.moerbisch.net\/wp-content\/uploads\/2017\/07\/mc3b6rbisch_-_wohnhaus_hauptstrac39fe_63-300x200.jpg 300w, https:\/\/gh-fiedler.moerbisch.net\/wp-content\/uploads\/2017\/07\/mc3b6rbisch_-_wohnhaus_hauptstrac39fe_63-768x512.jpg 768w, https:\/\/gh-fiedler.moerbisch.net\/wp-content\/uploads\/2017\/07\/mc3b6rbisch_-_wohnhaus_hauptstrac39fe_63-1024x683.jpg 1024w\" sizes=\"auto, (max-width: 300px) 100vw, 300px\" \/><p id=\"caption-attachment-153\" class=\"wp-caption-text\">Hofgasse<\/p><\/div>\n<p>Die Hofgassen in M\u00f6rbisch am See sind seit 2001 Teil des UNESCO-Weltkulturerbes.<\/p>\n<p>Weithin bekannt sind die Seefestspiele M\u00f6rbisch. Auf einer im Neusiedlersee aufgebauten B\u00fchne werden j\u00e4hrlich im Juli und August Operetten \u00f6sterreichischer Komponisten gespielt.\u00a0Neben der Seeb\u00fchne liegt das 1996 ausgebaute und erweiterte &#8218;M\u00f6rbischer Seebad&#8216; mit Liegewiesen und einer eigenen Bade- und Ruheinsel.<\/p>\n<div id=\"attachment_183\" style=\"width: 310px\" class=\"wp-caption alignleft\"><img loading=\"lazy\" decoding=\"async\" aria-describedby=\"caption-attachment-183\" class=\"alignnone size-medium wp-image-183\" src=\"https:\/\/gaestehausfiedler.files.wordpress.com\/2017\/07\/img_9010-1.jpg?w=300\" alt=\"IMG_9010-1\" width=\"300\" height=\"200\" srcset=\"https:\/\/gh-fiedler.moerbisch.net\/wp-content\/uploads\/2017\/07\/img_9010-1.jpg 5184w, https:\/\/gh-fiedler.moerbisch.net\/wp-content\/uploads\/2017\/07\/img_9010-1-300x200.jpg 300w, https:\/\/gh-fiedler.moerbisch.net\/wp-content\/uploads\/2017\/07\/img_9010-1-768x512.jpg 768w, https:\/\/gh-fiedler.moerbisch.net\/wp-content\/uploads\/2017\/07\/img_9010-1-1024x683.jpg 1024w\" sizes=\"auto, (max-width: 300px) 100vw, 300px\" \/><p id=\"caption-attachment-183\" class=\"wp-caption-text\">Volkstanzgruppe M\u00f6rbisch<\/p><\/div>\n<p>Im Rahmen der Veranstaltungsserie &#8218;Musik im Park&#8216; werden j\u00e4hrlich im Sommer Konzertaufzeichnungen auf einer Gro\u00dfbildleinwand vorgef\u00fchrt. Gelebte Brauchtumspflege \u00a0zeigen die G\u00e4stekonzerte und Auftritte der Volkstanzgruppe.<\/p>\n<p>Wie das gesamte Burgenland ist M\u00f6rbisch am See mit einem Netz von &#8218;Radwegen&#8216; ausgestattet. So verbindet der Radweg B31 die Gemeinde mit dem \u201eBurgenland-Jubil\u00e4umsradweg\u201c und der Neusiedler-See-Radweg f\u00fchrt ebenfalls durch M\u00f6rbisch am See. F\u00fcr Nordic-Walking-Sportler wurden in Kooperation mit den Nachbargemeinden Rust und Oggau 15 Touren entwickelt.<\/p>\n<p style=\"text-align:right;\"><em>Quelle: Wikipedia<\/em><\/p>\n","protected":false},"excerpt":{"rendered":"<p>M\u00f6rbisch liegt am s\u00fcdwestlichen Ufer des Neusiedler Sees, direkt an der Staatsgrenze zu Ungarn.\u00a0Das Stra\u00dfennetz endet an der Grenze zu Fert\u0151r\u00e1kos (Kroisbach); der Grenz\u00fcbergang ist\u00a0nur f\u00fcr Radfahrer und Fu\u00dfg\u00e4nger ge\u00f6ffnet. M\u00f6rbisch am See ist mit seiner Lage im Anbaugebiet Neusiedlersee-H\u00fcgelland ein traditioneller Weinbauort. 500 Hektar Rebfl\u00e4che werden von 100 Winzern <span class=\"excerpt-dots\">&hellip;<\/span> <a class=\"more-link\" href=\"https:\/\/gh-fiedler.moerbisch.net\/?page_id=169\"><span class=\"more-msg\">Weiterlesen &rarr;<\/span><\/a><\/p>\n","protected":false},"author":4,"featured_media":0,"parent":62,"menu_order":1,"comment_status":"closed","ping_status":"closed","template":"","meta":{"footnotes":""},"class_list":["post-169","page","type-page","status-publish","hentry"],"_links":{"self":[{"href":"https:\/\/gh-fiedler.moerbisch.net\/index.php?rest_route=\/wp\/v2\/pages\/169","targetHints":{"allow":["GET"]}}],"collection":[{"href":"https:\/\/gh-fiedler.moerbisch.net\/index.php?rest_route=\/wp\/v2\/pages"}],"about":[{"href":"https:\/\/gh-fiedler.moerbisch.net\/index.php?rest_route=\/wp\/v2\/types\/page"}],"author":[{"embeddable":true,"href":"https:\/\/gh-fiedler.moerbisch.net\/index.php?rest_route=\/wp\/v2\/users\/4"}],"replies":[{"embeddable":true,"href":"https:\/\/gh-fiedler.moerbisch.net\/index.php?rest_route=%2Fwp%2Fv2%2Fcomments&post=169"}],"version-history":[{"count":0,"href":"https:\/\/gh-fiedler.moerbisch.net\/index.php?rest_route=\/wp\/v2\/pages\/169\/revisions"}],"up":[{"embeddable":true,"href":"https:\/\/gh-fiedler.moerbisch.net\/index.php?rest_route=\/wp\/v2\/pages\/62"}],"wp:attachment":[{"href":"https:\/\/gh-fiedler.moerbisch.net\/index.php?rest_route=%2Fwp%2Fv2%2Fmedia&parent=169"}],"curies":[{"name":"wp","href":"https:\/\/api.w.org\/{rel}","templated":true}]}}

Mörbisch

<p><img loading="lazy" decoding="async" class=" size-thumbnail wp-image-175 alignleft" src="https://gaestehausfiedler.files.wordpress.com/2017/07/aut_mc3b6rbisch_am_see_coa.jpg?w=133" alt="AUT_Mörbisch_am_See_COA" width="133" height="150" /></p>
<p>Mörbisch liegt am südwestlichen Ufer des Neusiedler Sees, direkt an der Staatsgrenze zu Ungarn. Das Straßennetz endet an der Grenze zu Fertőrákos (Kroisbach); der Grenzübergang ist nur für Radfahrer und Fußgänger geöffnet.</p>
<p>Mörbisch am See ist mit seiner Lage im Anbaugebiet Neusiedlersee-Hügelland ein traditioneller Weinbauort. 500 Hektar Rebfläche werden von 100 Winzern bewirtschaftet; ausgeschenkt wird in den Heurigenschenken des Ortes.</p>
<h3>Geschichte</h3>
<p>Der Ortsname ist zum ersten Mal 1254 als <i>possessio Megyes</i> erwähnt (wörtlich: &#8222;der kirschenreiche Ort&#8220;, zu ungarisch <i>meggy</i> &#8222;Kirsche&#8220;) worden. Die ersten, ungarischsprachigen Bewohner benannten die Siedlung also entweder nach einem dort befindlichen, auffälligen Kirschbaum oder nach den zahlreich dort wachsenden Kirschbäumen.</p>
<p>Mörbisch am See war bereits 5000 v. Chr. besiedelt. Vor Christi Geburt war das Gebiet Teil des keltischen Königreiches Noricum. Im Westen des Ortes, auf der Flur „Salzäcker“ liegt die Fundstelle eines latènezeitlichen Gräberfeldes. Bei landwirtschaftlichen Arbeiten wurden 1935 die ersten Funde gemacht und in das Landesmuseum Burgenland in Eisenstadt gebracht. Daraufhin erfolgte Grabungen brachten fünf Gräber zutage, 1936 wurden weitere vier entdeckt. <sup id="cite_ref-1" class="reference"></sup></p>
<div id="attachment_180" style="width: 310px" class="wp-caption alignright"><img loading="lazy" decoding="async" aria-describedby="caption-attachment-180" class="alignnone size-medium wp-image-180" src="https://gaestehausfiedler.files.wordpress.com/2017/07/mithrasgrotte2-ac32976d.jpg?w=300" alt="Mithrasgrotte2-ac32976d" width="300" height="225" srcset="https://gh-fiedler.moerbisch.net/wp-content/uploads/2017/07/mithrasgrotte2-ac32976d.jpg 400w, https://gh-fiedler.moerbisch.net/wp-content/uploads/2017/07/mithrasgrotte2-ac32976d-300x225.jpg 300w" sizes="auto, (max-width: 300px) 100vw, 300px" /><p id="caption-attachment-180" class="wp-caption-text">Mithrasgrotte an der Staatsgrenze</p></div>
<p>Später unter den Römern lag das heutige Mörbisch am See dann in der Provinz Pannonia. Unmittelbar südlich der Staats- und Gemeindegrenze bei Mörbisch am See ist ein Mithrasrelief aus der römischen Zeit Pannoniens zu sehen.</p>
<p>Der Ort gehörte wie das gesamte Burgenland bis 1921 zu Ungarn, konkret zum Komitat Sopron (Ödenburg). Nach Ende des Ersten Weltkriegs wurde nach zähen Verhandlungen Deutsch-Westungarn in den Verträgen von St. Germain 1919 und Trianon 1920 Österreich zugesprochen.</p>
<div id="attachment_188" style="width: 310px" class="wp-caption alignleft"><img loading="lazy" decoding="async" aria-describedby="caption-attachment-188" class="alignnone size-medium wp-image-188" src="https://gaestehausfiedler.files.wordpress.com/2017/07/grenzoeffnung.jpg?w=300" alt="grenzoeffnung" width="300" height="200" srcset="https://gh-fiedler.moerbisch.net/wp-content/uploads/2017/07/grenzoeffnung.jpg 567w, https://gh-fiedler.moerbisch.net/wp-content/uploads/2017/07/grenzoeffnung-300x200.jpg 300w" sizes="auto, (max-width: 300px) 100vw, 300px" /><p id="caption-attachment-188" class="wp-caption-text">Grenzöffnung am 1. Mai 2004 &#8211; Ungarn in der EU</p></div>
<p>Der Ort gehörte seit 1921 zum neu gegründeten Bundesland Burgenland. Dennoch waren Wirtschaft und Kultur bis 1945 nach Ödenburg ausgerichtet.</p>
<p>1945–1989 lag zwischen Mörbisch am See und Ödenburg der Eiserne Vorhang, seither ist die Grenze wieder offen. Ende 2007 wurden die Grenzkontrollen eingestellt (Schengenabkommen).</p>
<p>&nbsp;</p>
<h3>Bevölkerung</h3>
<p>In den Jahren 1680 und 1713 wütete in Mörbisch die Pest und raffte zwei Drittel der Bevölkerung dahin. Im Jahr 1849 starb aufgrund einer Cholera-Epidemie die Hälfte der Einwohner. Mörbisch zählte bis Anfang des 19. Jahrhunderts nur mehr knapp 200 Einwohner. Die starke Zunahme der Bevölkerung in der 2. Hälfte des 19. Jahrhunderts gibt einen Hinweis auf die günstige Auswirkung der erlangten wirtschaftlichen Unabhängigkeit der ungarischen Bauern.</p>
<h3>Sehenswürdigkeiten, Kultur und Sport</h3>
<div id="attachment_153" style="width: 310px" class="wp-caption alignright"><img loading="lazy" decoding="async" aria-describedby="caption-attachment-153" class="alignnone size-medium wp-image-153" src="https://gaestehausfiedler.files.wordpress.com/2017/07/mc3b6rbisch_-_wohnhaus_hauptstrac39fe_63.jpg?w=300" alt="Hauptstraße, Mörbisch am See, Burgenland, Österreich" width="300" height="200" srcset="https://gh-fiedler.moerbisch.net/wp-content/uploads/2017/07/mc3b6rbisch_-_wohnhaus_hauptstrac39fe_63.jpg 2756w, https://gh-fiedler.moerbisch.net/wp-content/uploads/2017/07/mc3b6rbisch_-_wohnhaus_hauptstrac39fe_63-300x200.jpg 300w, https://gh-fiedler.moerbisch.net/wp-content/uploads/2017/07/mc3b6rbisch_-_wohnhaus_hauptstrac39fe_63-768x512.jpg 768w, https://gh-fiedler.moerbisch.net/wp-content/uploads/2017/07/mc3b6rbisch_-_wohnhaus_hauptstrac39fe_63-1024x683.jpg 1024w" sizes="auto, (max-width: 300px) 100vw, 300px" /><p id="caption-attachment-153" class="wp-caption-text">Hofgasse</p></div>
<p>Die Hofgassen in Mörbisch am See sind seit 2001 Teil des UNESCO-Weltkulturerbes.</p>
<p>Weithin bekannt sind die Seefestspiele Mörbisch. Auf einer im Neusiedlersee aufgebauten Bühne werden jährlich im Juli und August Operetten österreichischer Komponisten gespielt. Neben der Seebühne liegt das 1996 ausgebaute und erweiterte &#8218;Mörbischer Seebad&#8216; mit Liegewiesen und einer eigenen Bade- und Ruheinsel.</p>
<div id="attachment_183" style="width: 310px" class="wp-caption alignleft"><img loading="lazy" decoding="async" aria-describedby="caption-attachment-183" class="alignnone size-medium wp-image-183" src="https://gaestehausfiedler.files.wordpress.com/2017/07/img_9010-1.jpg?w=300" alt="IMG_9010-1" width="300" height="200" srcset="https://gh-fiedler.moerbisch.net/wp-content/uploads/2017/07/img_9010-1.jpg 5184w, https://gh-fiedler.moerbisch.net/wp-content/uploads/2017/07/img_9010-1-300x200.jpg 300w, https://gh-fiedler.moerbisch.net/wp-content/uploads/2017/07/img_9010-1-768x512.jpg 768w, https://gh-fiedler.moerbisch.net/wp-content/uploads/2017/07/img_9010-1-1024x683.jpg 1024w" sizes="auto, (max-width: 300px) 100vw, 300px" /><p id="caption-attachment-183" class="wp-caption-text">Volkstanzgruppe Mörbisch</p></div>
<p>Im Rahmen der Veranstaltungsserie &#8218;Musik im Park&#8216; werden jährlich im Sommer Konzertaufzeichnungen auf einer Großbildleinwand vorgeführt. Gelebte Brauchtumspflege  zeigen die Gästekonzerte und Auftritte der Volkstanzgruppe.</p>
<p>Wie das gesamte Burgenland ist Mörbisch am See mit einem Netz von &#8218;Radwegen&#8216; ausgestattet. So verbindet der Radweg B31 die Gemeinde mit dem „Burgenland-Jubiläumsradweg“ und der Neusiedler-See-Radweg führt ebenfalls durch Mörbisch am See. Für Nordic-Walking-Sportler wurden in Kooperation mit den Nachbargemeinden Rust und Oggau 15 Touren entwickelt.</p>
<p style="text-align:right;"><em>Quelle: Wikipedia</em></p>

<p>Mörbisch liegt am südwestlichen Ufer des Neusiedler Sees, direkt an der Staatsgrenze zu Ungarn. Das Straßennetz endet an der Grenze zu Fertőrákos (Kroisbach); der Grenzübergang ist nur für Radfahrer und Fußgänger geöffnet. Mörbisch am See ist mit seiner Lage im Anbaugebiet Neusiedlersee-Hügelland ein traditioneller Weinbauort. 500 Hektar Rebfläche werden von 100 Winzern <span class="excerpt-dots">&hellip;</span> <a class="more-link" href="https://gh-fiedler.moerbisch.net/?page_id=169"><span class="more-msg">Weiterlesen &rarr;</span></a></p>
